pose 0 = -4*k + 5 - 1, -4*u - 3*k + 11 = 0. Let c(x) = -x**2 - x**3 - 2*x + x**3 + 7*x**3. List the prime factors of c(u).
2, 3
Let h(u) = 8*u**2 - 13*u + 60 - 84 + 42. List the prime factors of h(5).
3, 17
Let y = 99 + -95. Suppose n = 2*p - y*p - 8, 3*p + 3 = 3*n. What are the prime factors of (63/42)/(0 + n/(-132))?
3, 11
Let r = 13203 + -7352. List the prime factors of r.
5851
Suppose 0 = a + 3, -36 + 45 = o - 2*a. Suppose -d + 711 + 1548 = o*k, d = 3. List the prime factors of k.
2, 47
Let l(k) be the second derivative of 7*k**2 + 0 + 9/2*k**3 + 21*k. List the prime factors of l(4).
2, 61
Let j(v) = -2*v**2 - 5*v - 12. Let b be j(-6). Let c(y) = -y**2 - 8*y + 4. Let n be c(-6). Let m = n - b. List the prime factors of m.
2, 5, 7
Suppose -3*d = b - 27126, 3*b - 4*b = 2*d - 18085. What are the prime factors of d?
9041
List the prime factors of (-11)/(4/2 - (-65484)/(-32708)).
11, 13, 37
Let b be ((-216)/(-5))/((4/250)/1). Suppose -k - b = -6*k. Suppose -13*i + 8*i = -k. List the prime factors of i.
2, 3
Let a = 38 - 31. Suppose 10*t = a*t + 12. Suppose 2*u = -3*z + 279, t*z = 5*u - 220 + 615. List the prime factors of z.
5, 19
Suppose -16*s + 3797 - 2453 = 0. Suppose -5*l + 5*r - 185 = 0, -5*l - 139 = -r + 38. Let k = l + s. List the prime factors of k.
7
Let r be ((-276)/10)/((-16)/40). Suppose q + 4*m - r = 0, 3*m = q - 5*q + 224. Suppose q = h + 15. What are the prime factors of h?
2, 19
Suppose 0 = 3*h - 4*r - 5510, -5*r - 2478 = -3*h + 3034. Suppose 0 = -6*c - 334 + h. What are the prime factors of c - (8 - 18/6)?
5, 7
Suppose 48*x = i + 43*x - 7491, -i = -x - 7495. What are the prime factors of i?
2, 937
Suppose 2*u - 8759 = -3*v + 5457, -14240 = -2*u + v. What are the prime factors of u?
11, 647
Let s be 80/180 + -2*69/(-54). Suppose -2*x + 53 = -m - 89, 3*x - 222 = -s*m. What are the prime factors of x?
2, 3
Let d = -23 + 21. Let b be (1/d)/(-2 + (-1161)/(-582)). Let z = b + 18. What are the prime factors of z?
5, 23
Let h be 1256/(2 + 0/(-5)). Suppose -k - 625 = -4*k - v, 3*k = -4*v + h. List the prime factors of k.
2, 13
Suppose -7*o + o = -2*o - 23988. What are the prime factors of o?
3, 1999
Let z = -2585 - -4797. List the prime factors of z.
2, 7, 79
Suppose 2769 - 43983 = -3*h. What are the prime factors of h?
2, 6869
Suppose 0 = -5*j - 2*o + 1056, -22*o + 225 = j - 17*o. List the prime factors of j.
2, 3, 5, 7
Suppose 53*t - 47*t = -46*t + 448292. What are the prime factors of t?
37, 233
Suppose 25*x - 22*x = -13167. Let s be x/(-49) + (-3)/(-7). Suppose 2*n + 0*n = -4*o + 288, 0 = o - 4*n - s. List the prime factors of o.
2, 37
Suppose 13*h - 9360 = 7*h. Suppose 0 = 4*b + 296 - h. List the prime factors of b.
2, 79
Let d(m) = 2*m + 81. Let u be d(-31). Suppose u*f = 16435 - 2147. What are the prime factors of f?
2, 47
Let d be (72/81)/((-4)/(-18)). Suppose 0 = 2*u - 8, 2*v - u - d*u = 2096. List the prime factors of v.
2, 23
List the prime factors of (-44)/1144 - (-3268930)/52.
2, 3929
Suppose 23181 = -50*f + 264781. List the prime factors of f.
2, 151
Suppose q + 5*m - 631 = 0, 5*q = 8*m - 13*m + 3075. Let p = q - 261. List the prime factors of p.
2, 5, 7
List the prime factors of (-29799 + 24 + -2)*(2 + 2)/(-4).
11, 2707
Let a = 1720 + 734. What are the prime factors of a?
2, 3, 409
Suppose -1 = -6*m + 5*m - 2*q, 0 = -4*m - 2*q + 22. Suppose -m*i = 351 - 6938. List the prime factors of i.
941
List the prime factors of 7 + -21 + 2241 - -14.
3, 83
Suppose -12*l - 82 = 290. Let i = -21 - l. List the prime factors of (280/i)/(2/(-36)*-3).
2, 3, 7
Let i(c) = 1389*c + 439. What are the prime factors of i(7)?
2, 5081
Suppose p + 1 = 25. Suppose -4*k = 4*k + p. List the prime factors of (-4)/(-12) + (-521)/k.
2, 3, 29
Let y(z) = z**2 - 4*z - 19. Let q be y(7). Let i be 13 + (-25)/10 + q/4. List the prime factors of i/99 - 574/(-18).
2
Let o = -4 + 8. Suppose 2 = 2*b, 0 = -3*k + 4*b + o + 7. Suppose k*s + 5*x - 31 = 6*x, -s - 3*x = -3. List the prime factors of s.
2, 3
Suppose 4*u - 4*w - 4 + 0 = 0, -5*u + 23 = w. Suppose u*p = 6 - 6. Suppose d + 1 - 41 = p. What are the prime factors of d?
2, 5
Let w be -220 + 3*12/18. Let b = -202 - w. What are the prime factors of b?
2
Let l = 3563 + -49. What are the prime factors of l?
2, 7, 251
Let n be 2 - 9/((-9)/4). Suppose n*r - 35 - 25 = 0. What are the prime factors of ((-16)/(-2))/(r/180)?
2, 3
Suppose -2*z - 4*p + 708 = 0, -3*z + p = -z - 723. Suppose -3708 = -4*s - 5*x, -4*s + 2*x + z = -3320. List the prime factors of s.
2, 461
Let h be 15/2 + (-7)/14. Let o be (-4)/(-30) - 320/150 - h. What are the prime factors of 3/o + 478/3?
3, 53
Let c be 116*3*(-25)/50. Let d = 307 + c. List the prime factors of d.
7, 19
Let v = -341 + 194. Let g = v + 350. List the prime factors of g.
7, 29
Let a(s) = 14410*s + 771. List the prime factors of a(1).
17, 19, 47
Suppose 0 = 4*q + 2*c - c - 326, -3*q + 239 = -2*c. Let s = 97 - q. Suppose 1758 = s*u - 226. What are the prime factors of u?
2, 31
Let v be (25/100)/(1 + 206/(-208)). Suppose -1510 = -2*l + v. List the prime factors of l.
2, 3
Suppose 32*y - 231381 = 16427. What are the prime factors of y?
2, 11
Let d(o) = -o**3 + 29*o**2 + 43*o + 70. What are the prime factors of d(28)?
2, 3, 7
Suppose 11*k - 22 = -110. What are the prime factors of 908/k*(-9 + 7)?
227
Suppose 8*z = 3*z + 10. Suppose 41 = -3*s + 5*l - 2, z = 3*s + 4*l. Let o(p) = p**2 - 10*p - 14. What are the prime factors of o(s)?
2, 41
Suppose -5532*b - 54144 = -5535*b. What are the prime factors of b?
2, 3, 47
Let o(r) = r**2 - 9*r + 2. Let z(s) = 1. Let q(i) = -o(i) + 2*z(i). Let v = 1350 + -1346. List the prime factors of q(v).
2, 5
Let n = -28 + 60. Let c = 2 + n. Suppose 31*o = c*o - 231. What are the prime factors of o?
7, 11
Suppose -2*s - 22 = -3*f, 3*f - 18 = 4*s + 8. Suppose 0 = -9*h + 154 + 8. List the prime factors of 772/f + (-1 - (-24)/h).
3, 43
Let q(w) = -w**2 - 16*w - 22. Suppose -2*o - 24 - 2 = 0. Let h be q(o). Let z(k) = k**3 - 15*k**2 - 23*k - 39. List the prime factors of z(h).
2, 37
Suppose 62718 = 5*q + 25*a - 21*a, -2*a + 37632 = 3*q. What are the prime factors of q?
2, 3, 17, 41
Suppose -18*p - 1184 + 4244 = 0. List the prime factors of p/(-255) - -1*4472/3.
2, 5, 149
Let n(y) be the third derivative of y**5/60 - y**4/12 - y**3 + y**2. Suppose -2*r + 6*g = 2*g, 2*g + 8 = -r. List the prime factors of n(r).
2, 3
Suppose 3*p - 57384 = -3*v, 0 = -p + 5*p - 8. What are the prime factors of v?
2, 73, 131
Let q(a) = 251*a + 2655. What are the prime factors of q(47)?
2, 3613
Let q(m) = m**3 + 19*m**2 - 20*m - 22. Let a be q(-20). Let z = 33 - a. What are the prime factors of z?
5, 11
Let z = -1879 - -5671. List the prime factors of z.
2, 3, 79
Suppose -10*j + 55 = 715. Let m be (-1*1196/6)/(22/j). List the prime factors of 60/(-36) + m/6.
2, 7
Let x(q) = -2*q**3 + 14*q**2 - 11*q - 6. Let v be x(6). Suppose t = v, -4*t = -p + 2 - 5. List the prime factors of (-155)/((1 + p)*6/12).
5, 31
Suppose -5*q + 81*u - 84*u + 17187 = 0, -3*q + 10305 = 3*u. List the prime factors of q.
3, 31, 37
Let b(p) = 2*p**2 - 14*p + 16. Suppose 0 = -0*w + 5*w - 205. Suppose 8 - 37 = -3*k - 2*i, -5*i = 4*k - w. What are the prime factors of b(k)?
2, 13
Let j be (-15 + 18)*(-2)/(-9)*3. Suppose 0 = j*a + 3*d - 12, -d + 4*d = -5*a + 30. List the prime factors of 155 + -3*10/a.
2, 3, 5
Suppose -3*i + 205*l + 35638 = 200*l, -i = 2*l - 11894. List the prime factors of i.
2, 3, 7, 283
Suppose -5*a - 8957 - 26215 = -2*g, 2*g - 35118 = -4*a. List the prime factors of g.
3, 5857
Suppose -i - 13025 = -2*x, 1712 = -x - 5*i + 8241. List the prime factors of x.
2, 3257
Let k = 58559 + -41819. List the prime factors of k.
2, 3, 5, 31
Let c(v) = v**3 + 8*v**2 + 11*v + 23. Let k be c(-7). What are the prime factors of ((-708)/6 + k)/(-1)?
3, 41
Let i be 0 + ((-1158)/(-3) - 7). Suppose 4*v + i - 2883 = 0. List the prime factors of v.
2, 313
Suppose -6*s + 36 - 42 = 0. List the prime factors of (215/15 - 10)/(s/(-63)).
3, 7, 13
Let w(j) = j**2 - 4. Let k be w(3). Suppose -k*a + 93 = 53. List the prime factors of a.
2
Suppose -5*x = 4*q - 107139, -4*x - 4*q = 50516 - 136232. List the prime factors of x.
3, 37, 193
Suppose 47*a = 197777 + 83800. List the prime factors of a.
3, 1997
Suppose -2*r = 4*p + 6